of 35?
True
Does 93 divide 445115?
False
Is 6536259 a multiple of 210?
False
Does 219 divide 6917741?
False
Is 100 a factor of 7584?
False
Is 1244654 a multiple of 437?
False
Is 54 a factor of 294192?
True
Is 21 a factor of 1519098?
True
Is 6 a factor of 877624?
False
Is 20 a factor of 1030300?
True
Is 469 a factor of 6005076?
True
Is 1832650 a multiple of 50?
True
Does 24 divide 12957552?
True
Is 50292 a multiple of 66?
True
Is 206 a factor of 91184?
False
Is 201 a factor of 62511?
True
Does 94 divide 584492?
True
Does 9 divide 216627?
False
Does 102 divide 1096092?
True
Does 107 divide 181320?
False
Is 94466 a multiple of 12?
False
Is 501 a factor of 3462411?
True
Is 155999 a multiple of 2?
False
Is 934560 a multiple of 20?
True
Is 14919706 a multiple of 127?
True
Does 21 divide 10270969?
False
Is 22 a factor of 8343412?
True
Is 368 a factor of 379408?
True
Does 41 divide 79707?
False
Is 1220772 a multiple of 12?
True
Does 12 divide 5662368?
True
Does 269 divide 26756?
False
Is 23 a factor of 34224?
True
Is 37 a factor of 27240?
False
Is 4506543 a multiple of 563?
False
Is 262904 a multiple of 34?
False
Is 8699 a multiple of 164?
False
Is 513 a factor of 144811?
False
Does 178 divide 614789?
False
Is 114 a factor of 78335?
False
Is 2 a factor of 20945?
False
Does 8 divide 43784?
True
Is 543141 a multiple of 46?
False
Is 39342 a multiple of 498?
True
Is 494160 a multiple of 232?
True
Is 8 a factor of 237256?
True
Is 231 a factor of 370986?
True
Is 138008 a multiple of 26?
True
Is 2209670 a multiple of 67?
False
Does 23 divide 647749?
True
Is 490 a factor of 1159758?
False
Is 89 a factor of 12725828?
False
Does 26 divide 35266?
False
Is 6 a factor of 4500?
True
Is 296 a factor of 139712?
True
Does 12 divide 9487?
False
Does 15 divide 1431675?
True
Does 21 divide 1256085?
False
Is 27 a factor of 21222?
True
Does 4 divide 2473428?
True
Is 15 a factor of 812729?
False
Is 2461 a factor of 17939366?
False
Is 68 a factor of 2293801?
False
Does 185 divide 3026628?
False
Does 50 divide 104050?
True
Is 613 a factor of 363738?
False
Is 46 a factor of 408434?
True
Is 13 a factor of 88331?
False
Does 376 divide 754204?
False
Is 220476 a multiple of 57?
True
Is 29 a factor of 580844?
False
Is 1013242 a multiple of 23?
True
Is 318231 a multiple of 114?
False
Is 658933 a multiple of 73?
False
Is 139 a factor of 5456306?
True
Is 1870056 a multiple of 171?
True
Does 67 divide 15982?
False
Is 46255 a multiple of 11?
True
Is 18 a factor of 400806?
True
Is 148426 a multiple of 176?
False
Is 15814715 a multiple of 35?
True
Is 1987128 a multiple of 52?
True
Does 38 divide 1029895?
False
Is 106937 a multiple of 104?
False
Does 81 divide 777924?
True
Is 33 a factor of 8306172?
False
Is 80061 a multiple of 49?
False
Is 9 a factor of 149522?
False
Is 3087168 a multiple of 52?
False
Is 101712 a multiple of 208?
True
Is 53363 a multiple of 315?
False
Is 46 a factor of 234167?
False
Is 137156 a multiple of 68?
True
Is 51 a factor of 506175?
True
Is 3 a factor of 1521131?
False
Is 2507324 a multiple of 940?
False
Does 304 divide 6396665?
False
Is 5 a factor of 6387405?
True
Is 128 a factor of 58297?
False
Is 279526 a multiple of 7?
False
Is 243696 a multiple of 24?
True
Does 687 divide 809473?
False
Does 545 divide 16819378?
False
Is 36 a factor of 185294?
False
Does 4 divide 179753?
False
Is 510725 a multiple of 25?
True
Does 28 divide 3635492?
True
Does 12 divide 353350?
False
Does 16 divide 306361?
False
Does 59 divide 400905?
True
Does 18 divide 11795962?
False
Does 12 divide 613955?
False
Is 96712 a multiple of 123?
False
Is 1041886 a multiple of 904?
False
Is 1916190 a multiple of 15?
True
Is 5916586 a multiple of 318?
False
Does 6 divide 521430?
True
Is 46284 a multiple of 174?
True
Does 33 divide 60687?
True
Is 6677192 a multiple of 116?
True
Is 7276932 a multiple of 26?
True
Is 296 a factor of 105968?
True
Is 1471163 a multiple of 107?
False
Is 315796 a multiple of 168?
False
Does 508 divide 106680?
True
Does 18 divide 785142?
True
Is 3 a factor of 1876854?
True
Is 6 a factor of 24181?
False
Is 6 a factor of 14168855?
False
Is 9451 a multiple of 4?
False
Is 403 a factor of 5850754?
True
Is 11 a factor of 9446020?
False
Is 1338350 a multiple of 725?
True
Is 345 a factor of 205619?
False
Does 235 divide 1042821?
False
Does 10 divide 174578?
False
Is 10 a factor of 65630?
True
Does 21 divide 538965?
True
Is 128 a factor of 225102?
False
Does 320 divide 2615827?
False
Does 22 divide 538912?
True
Is 1560240 a multiple of 33?
True
Is 46110 a multiple of 58?
True
Does 32 divide 676725?
False
Does 5 divide 83533?
False
Does 29 divide 31812?
False
Is 1908857 a multiple of 13?
False
Is 1059 a factor of 15248460?
False
Is 2055419 a multiple of 5?
False
Does 1239 divide 14374878?
True
Is 677490 a multiple of 165?
True
Is 6530 a multiple of 10?
True
Is 84826 a multiple of 204?
False
Is 686 a factor of 1149050?
True
Is 59 a factor of 14868?
True
Is 50 a factor of 9610000?
True
Does 86 divide 80933?
False
Is 5337393 a multiple of 5?
False
Is 96000 a multiple of 100?
True
Is 16370 a multiple of 222?
False
Is 33 a factor of 4376578?
False
Is 6 a factor of 141065?
False
Does 6 divide 5227684?
False
Does 17 divide 314823?
True
Is 68 a factor of 222632?
True
Is 1566480 a multiple of 48?
True
Does 8 divide 403751?
False
Is 23 a factor of 3837481?
True
Does 45 divide 3245615?
False
Is 145625 a multiple of 36?
False
Is 3 a factor of 948975?
True
Is 9655857 a multiple of 29?
False
Does 43 divide 152495?
False
Does 17 divide 210011?
False
Is 274 a factor of 2310669?
False
Does 242 divide 1697872?
True
Does 126 divide 505260?
True
Does 126 divide 1585368?
False
Is 17 a factor of 70549?
False
Is 18291 a multiple of 39?
True
Is 47742 a multiple of 523?
False
Is 8774072 a multiple of 171?
False
Is 13 a factor of 1539031?
True
Is 9 a factor of 5127579?
True
Is 400599 a multiple of 2?
False
Is 3308 a factor of 11047641?
False
Is 44 a factor of 184193?
False
Is 179675 a multiple of 317?
False
Does 24 divide 12068575?
False
Is 11 a factor of 33407?
True
Is 257 a factor of 96632?
True
Does 11 divide 1415062?
True
Does 197 divide 594104?
False
Is 21502 a multiple of 353?
False
Does 311 divide 1249909?
True
Is 52781 even?
False
Is 176743 a multiple of 71?
False
Is 18 a factor of 129996?
True
Does 13 divide 10993?
False
Does 5 divide 90451?
False
Does 6 divide 438840?
True
Is 659222 a multiple of 168?
False
Is 13 a factor of 680822?
False
Is 39 a factor of 2679144?
True
Is 534 a factor of 845624?
False
Does 227 divide 389765?
False
Is 422565 a multiple of 700?
False
Is 24417 a multiple of 4?
False
Does 91 divide 4216137?
False
Is 53417 a multiple of 6?
False
Does 88 divide 92437?
False
Is 484 a factor of 13959044?
True
Is 190 a factor of 2531603?
False
Is 13 a factor of 520?
True
Does 144 divide 232165?
False
Does 58 divide 162767?
False
Is 204380 a multiple of 20?
True
Is 9 a factor of 1193464?
False
Is 798266 a multiple of 38?
True
Is 1591628 a multiple of 4?
True
Is 1404816 a multiple of 14?
True
Does 68 divide 2256366?
False
Is 9 a factor of 1580366?
False
Is 22 a factor of 157347?
False
Is 3144 a multiple of 12?
True
Does 14 divide 9778549?
False
Does 8 divide 82805?
False
Is 13 a factor of 505518?
True
Is 91 a factor of 286648?
False
Does 14 divide 1668492?
True
Is 133 a factor of 8519049?
True
Is 1581276 a multiple of 313?
True
Is 410943 a multiple of 243?
False
Does 161 divide 45080?
True
Is 447491 a multiple of 19?
False
Is 57 a factor of 2257831?
False
Is 11 a factor of 839278?
True
Does 2 divide 39794?
True
Is 185121 even?
False
Is 131 a factor of 460775?
False
Is 639280 a multiple of 131?
True
Is 3270204 a multiple of 57?
True
Is 959 a factor of 765454?
False
Is 657 a factor of 2019618?
True
Does 232 divide 709456?
True
Is 2076948 a multiple of 22?
False
Is 8253492 a multiple of 156?
True
Is 21 a factor of 356286?
True
Is 29 a factor of 971471?
True
Does 54 divide 2233278?
True
Does 1657 divide 10180608?
True
Is 1922094 a multiple of 15?
False
Does 317 divide 2057029?
False
Does 4 divide 86824?
True
Is 561736 a multiple of 98?
True
Does 365 divide 521552?
False
Does 20 divide 5278580?
True
Is 193 a factor of 1302514?
False
Does 60 divide 14160?
True
Does 4 divide 2741950?
False
Is 13